 5?
14340110
Convert 204358 (base 12) to base 11.
315520
73363 (base 14) to base 15
574b4
-5b8a3c (base 15) to base 10
-4383057
Convert 9125126 (base 10) to base 7.
140363603
Convert -778653 (base 9) to base 8.
-1615344
Convert -1111111001010001110 (base 2) to base 12.
-2114ba
-1884382 (base 10) to base 7
-22005553
Convert 66818 (base 9) to base 15.
d255
-742b68 (base 13) to base 12
-ab1a42
-1240244 (base 6) to base 12
-33084
What is 115566341 (base 7) in base 9?
14621468
-2457113 (base 8) to base 12
-28928b
11012111001100 (base 3) to base 6
115513100
Convert 29768 (base 16) to base 5.
20413312
126c380 (base 14) to base 15
ba2e23
Convert -340863 (base 9) to base 4.
-301311000
Convert -bedd (base 16) to base 4.
-23323131
What is -3673728 (base 9) in base 3?
-10202110210222
What is 39e8c9 (base 16) in base 15?
4ee74a
Convert -134611343 (base 7) to base 12.
-2b4a312
What is 3a77a (base 16) in base 6?
5044414
What is -12005151 (base 6) in base 11?
-23631a
-110254555 (base 6) to base 14
-39878b
Convert -1232202 (base 5) to base 7.
-130060
1c24b9 (base 13) to base 6
23225503
4853402 (base 9) to base 7
31245524
5508 (base 9) to base 5
112213
What is -1392249 (base 10) in base 4?
-11103321321
What is -a9b271 (base 16) in base 5?
-10321340030
What is -2210033332 (base 4) in base 10?
-672766
Convert -13310302023 (base 4) to base 16.
-1f4c8b
What is 204201051 (base 6) in base 10?
3561655
What is 12442421 (base 5) in base 10?
124736
Convert 10513a8 (base 11) to base 14.
360d46
Convert 4074341 (base 8) to base 12.
440881
What is 98347 (base 13) in base 9?
458437
Convert 1374807 (base 9) to base 15.
ee941
Convert -3351234 (base 6) to base 4.
-221201212
3050241 (base 6) to base 11
a0113
What is 2332146 (base 8) in base 4?
2123101212
-16b978 (base 16) to base 15
-1e63ec
Convert 1c809 (base 15) to base 11.
63906
Convert 120222000022121 (base 3) to base 2.
100000010111001100010101
-1231211103 (base 4) to base 15
-8ced6
-2d49ae (base 15) to base 8
-10272264
Convert -2172817 (base 9) to base 4.
-10131220330
Convert 1033101223 (base 4) to base 2.
1001111010001101011
Convert 112021122002 (base 3) to base 11.
18223a
Convert -7b811c (base 15) to base 4.
-112200113220
Convert -1358717 (base 11) to base 8.
-10731150
2230562 (base 8) to base 16
93172
Convert -1151602 (base 9) to base 15.
-c5092
Convert 104a8 (base 12) to base 14.
7b56
What is 250214653 (base 7) in base 5?
13003410121
Convert 4025644 (base 8) to base 2.
100000010101110100100
-210131110 (base 4) to base 7
-1161241
What is 221512 (base 8) in base 3?
10210021212
Convert -122021122121 (base 3) to base 5.
-41341224
What is -1622613 (base 9) in base 16?
-dbecd
3168a41 (base 11) to base 7
65251024
What is -100001100011111110 (base 2) in base 11?
-94313
Convert 33333310 (base 4) to base 16.
fff4
1225230 (base 6) to base 11
45623
-412311400 (base 5) to base 15
-233600
What is 18a9a5b (base 12) in base 9?
10706458
Convert -13313200142 (base 5) to base 16.
-1024dac
What is -203302042 (base 5) in base 13?
-234430
Convert -2630453 (base 7) to base 3.
-122110022002
Convert 364606 (base 10) to base 3.
200112010221
-c52ae (base 15) to base 16
-9895d
103ba (base 16) to base 9
111177
-14243410 (base 5) to base 11
-a2652
What is -100000000001011100 (base 2) in base 3?
-20122220221
4220403 (base 6) to base 4
302001303
What is -6431653 (base 7) in base 6?
-24423424
Convert 20202021121222 (base 3) to base 5.
1404302432
What is 34021521 (base 6) in base 10?
1029433
-55771 (base 13) to base 8
-456671
Convert -11320111 (base 5) to base 11.
-71495
29534 (base 15) to base 10
132799
-506645 (base 7) to base 11
-59a24
What is 3422b (base 12) in base 7?
406313
Convert 3077873 (base 13) to base 2.
111000000100001011011011
Convert -13033102312 (base 4) to base 6.
-104401234
What is 3ca382 (base 14) in base 6?
113022142
Convert -2781722 (base 9) to base 5.
-342430104
3233220 (base 6) to base 3
22010200010
What is -316234 (base 8) in base 13?
-39103
Convert -40204031 (base 5) to base 12.
-134916
11010100101011111 (base 2) to base 15
223ea
1287757 (base 9) to base 14
145cd7
Convert 8808206 (base 9) to base 8.
22026100
1444705 (base 9) to base 6
25031305
What is 101134424 (base 5) in base 13?
11560b
What is 120101111100122 (base 3) in base 8?
37145006
What is b11b (base 13) in base 12?
12120
-50302235 (base 6) to base 8
-5334257
-1111552 (base 9) to base 4
-2102003120
Convert 13012141 (base 6) to base 10.
421693
Convert -bd9b1 (base 14) to base 13.
-1315b6
What is 34024104 (base 5) in base 14?
7aba6
Convert 121be4 (base 16) to base 6.
41234220
-49324 (base 10) to base 4
-30002230
-31201313 (base 5) to base 9
-430713
93661 (base 15) to base 3
212201212101
What is 1315652 (base 7) in base 4?
222013211
What is -331202330 (base 4) in base 6?
-5223032
Convert 11220013 (base 7) to base 11.
60a002
813426 (base 9) to base 2
1110101100011010000
-185923 (base 10) to base 6
-3552431
799173 (base 11) to base 2
100110110011000001010
Convert -2131425 (base 7) to base 11.
-168272
What is 52238 (base 14) in base 7?
1453201
What is -8e9b96 (base 15) in base 16?
-6803e5
Convert -101210020212220 (base 3) to base 16.
-5779a4
-2728c (base 16) to base 12
-789a4
-f5e4 (base 16) to base 15
-139b8
927062 (base 12) to base 7
25330340
Convert -62a (base 16) to base 4.
-120222
What is -642235 (base 13) in base 6?
-122144414
What is -20244401 (base 5) in base 8?
-503341
Convert 46a6c1 (base 13) to base 11.
a47a71
What is -100120221021 (base 3) in base 12?
-912a4
-10250053 (base 7) to base 3
-1122011022121
10aa85 (base 11) to base 9
286862
Convert 11115621 (base 7) to base 8.
3527570
285997 (base 10) to base 8
1056455
What is 121423211 (base 5) in base 9?
1068046
Convert -40400747 (base 8) to base 5.
-4140121132
What is -1213052 (base 6) in base 3?
-10021001012
Convert 3cbd (base 14) to base 11.
8094
76377 (base 13) to base 3
101212011100
Convert 47a74 (base 12) to base 10.
96568
What is 100011010112 (base 3) in base 6?
3510022
-131645 (base 7) to base 14
-8dcc
What is -a90c6a (base 13) in base 3?
-21110210200122
What is 19b9da2 (base 14) in base 5?
11240214124
4303450 (base 6) to base 16
33756
Convert -112162 (base 8) to base 9.
-57114
21002144 (base 9) to base 5
10041131313
-373502 (base 10) to base 5
-43423002
What is -145b8 (base 16) in base 11?
-57714
12424352 (base 6) to base 9
681535
Convert -56a06 (base 11) to base 12.
-3b833
-319870 (base 11) to base 14
-d4230
What is -44431202 (base 5) in base 2?
-1011111000110110000
What is 12792 (base 15) in base 6?
1133315
Convert -233383 (base 11) to base 9.
-624165
Convert 924b8a (base 14) to base 16.
4b3bc6
13508b (base 14) to base 13
1a4732
Convert 22012220022 (base 3) to base 16.
277e5
5210523 (base 6) to base 14
67323
What is 210200001002 (base 3) in base 11?
271482
What is 53036040 (base 7) in base 2?
10001000101101111001111
What is 17b2c (base 13) in base 12?
22639
-4125449 (base 10) to base 6
-224231145
1870c (base 16) to base 4
120130030
-34a8d (base 15) to base 11
-105048
1034581 (base 12) to base 15
4056d1
Convert -35a282 (base 12) to base 11.
-543028
5166115 (base 9) to base 6
135054105
Convert 10342332103 (base 5) to base 7.
164662360
What is -347c4 (base 16) in base 4?
-310133010
Convert -19863f (base 16) to base 11.
-a42858
Convert -1cad3d (base 14) to base 7.
-11513406
What is 111101001112 (base 3) in base 14?
6bcca
310220101 (base 4) to base 9
357631
What is 1340409 (base 10) in base 13?
37c155
Convert 29b116 (base 14) to base 11.
901831
Convert b9aa3 (base 14) to base 11.
287693
2210131 (base 4) to base 16
291d
Convert 3438161 (base 10) to base 13.
934c1c
-54300 (base 7) to base 3
-200112220
Convert -32130022313 (base 4) to base 9.
-7108528
What is -10376065 (base 8) in base 2?
-1000011111110000110101
Convert -a9abc8 (base 13) to base 2.
-1111001111000101110100
What is 59361 (base 10) in base 6?
1134453
-23123124 (base 5) to base 14
-55ab0
What is -79560 (base 12) in base 8?
-473330
8793a6 (base 16) to base 4
201321032212
What is b259 (base 13) in base 8?
60003
What is 9aa93 (base 11) in base 13?
5182b
What is -106a81 (base 11) in base 5?
-20422321
What is -6ad1 (base 16) in base 14?
-9d73
What is 1185e (base 15) in base 2?
1101101001010001
-212212220020111 (base 3) to base 11
-718a917
What is 11111